 - 28 = -5*s. What is the remainder when 254 is divided by s?
6
Let w = -40 - -54. Suppose 5*v = 3*p - 7*p + 31, -2*p = -v + 9. What is the remainder when w is divided by v?
0
Let q = -12 + 50. Let y = 1263 - 1151. What is the remainder when y is divided by q?
36
Let q = -35 + 35. Suppose -m - m = 2*j - 48, -m - 3*j + 20 = q. Calculate the remainder when m is divided by 14.
12
Let o(t) = 8*t + 67. Calculate the remainder when 106 is divided by o(-4).
1
Suppose 5*r - 120 = -0. Calculate the remainder when 68 is divided by r.
20
What is the remainder when 13 + (-4 + 5)*0 is divided by 4?
1
Suppose a = -5*r + 3, 0*r - 2 = 2*r + 2*a. Suppose -15 - r = -v. What is the remainder when (-3)/(-5) + 2320/50 is divided by v?
15
Let c(s) = -s**3 + 17*s**2 + 20*s - 27. Let y be c(18). What is the remainder when 44 is divided by 6*y*6/18?
8
Let p(l) = 119*l. What is the remainder when p(1) is divided by 9 + -5 + (-10)/2*-4?
23
Let s(l) = 4*l + 3. Let y = 891 + -817. Calculate the remainder when y is divided by s(3).
14
Let h be (2 + 1)/((-2)/18). Let m = -65 + 103. Let q = m + h. Calculate the remainder when 42 is divided by q.
9
Let l be -1 - -33 - (8 + -8). Suppose -x - l = -3*x. Calculate the remainder when 26 is divided by x.
10
Let i(j) = -j**3 - 3*j**2 + 5*j + 7. Let r be i(-4). Let g(d) = 56*d + 21. Calculate the remainder when g(r) is divided by 38.
37
Let b(z) = -z**3 - 4*z**2 + 7*z - 8. Let s be b(-6). Calculate the remainder when (-44)/242 + 4822/s is divided by 44.
43
What is the remainder when 113/(-2)*((7 - 9) + 0) is divided by 59?
54
Let d = 239 - -159. Calculate the remainder when d is divided by 19.
18
Suppose 3 = -i - 0. Suppose -q + 3*j = -14, -3*q + 9*j - 4*j + 22 = 0. Calculate the remainder when 15 is divided by -3*(i - (-2 - q)).
3
Suppose -2*m = 5*n - 64 - 45, 5*m = 3*n + 226. What is the remainder when m is divided by 8?
7
Suppose -d + 2*h + 12 = -22, -3*h + 157 = 5*d. What is the remainder when d is divided by 7?
4
Let b(u) = -u**2 + 22. Let o be (-4)/(-10) - 2/5. Let n be b(o). Suppose 15 - n = -m. Calculate the remainder when 25 is divided by m.
4
Let o(y) = 2*y + 16. Let a be o(-13). Let v(t) = t**2 + 6*t + 7. Calculate the remainder when v(a) is divided by 17.
13
Let r = 61 + -23. What is the remainder when r is divided by 11?
5
Suppose -2*z + 135 = z. Let k = 79 - z. What is the remainder when k is divided by 12?
10
Suppose 3*v + 21*n - 60 = 18*n, -n = 2*v - 44. Calculate the remainder when 323 is divided by v.
11
Let h(k) = k**3 - 9*k**2 + 12*k - 4. Let f be h(8). Suppose f = j - 26. What is the remainder when j is divided by (-3000)/(-104) + 1 + 44/(-52)?
25
Suppose 96 = 4*m - 8*k + 12*k, 4*m - 5*k = 105. Calculate the remainder when 121 is divided by m.
21
Suppose 0 = u + 2*u - 30. Let o be (u/(-6))/((-18)/(-270)). Let c = -14 - o. Calculate the remainder when 41 is divided by c.
8
Calculate the remainder when (-3 - (-65)/20) + 179/4 is divided by 26.
19
Suppose 5*f - 70 = -10. Let p(s) = -s**3 - 5*s**2 - 6*s - 4. Let q be p(-4). What is the remainder when -20*(-2 - 1/q) is divided by f?
9
Suppose 5*j - 242 = -6*j. What is the remainder when ((-4)/6)/(4/(-390)) is divided by j?
21
Let w(b) = -b**3 - 79*b**2 + 79*b + 14. Calculate the remainder when 170 is divided by w(-80).
76
Let q(y) = -y**2 - 6*y - 2. Let f be q(-6). Let p be (-1)/f - 93/(-6). Suppose l + p = 36. Calculate the remainder when 57 is divided by l.
17
Let k(b) = 3*b**3 - 2*b**2 + 1. Let i be k(1). Suppose 62 = -s + 3*s. Calculate the remainder when s is divided by (-2)/((-2)/16*i).
7
Suppose -145*g = -381 + 91. Let k = 8 + -4. What is the remainder when k is divided by g?
0
Let x be 42/8 + 6/8. Suppose -100 = -x*a + 2*a. Calculate the remainder when a is divided by 10.
5
Let h(v) = -9*v + 5. Suppose -2*b = 2*i - 0*b + 8, -4*i + b - 6 = 0. Calculate the remainder when 45 is divided by h(i).
22
Let y be 9/18 - 287/(-2). Suppose -3*r + r = -y. Calculate the remainder when 1568/r + (-2)/(-9) is divided by 6.
4
What is the remainder when (-1227)/(-6) + 2/(-4) + 1 is divided by 74?
57
Suppose 7*z = -2*p + 11*z - 2, -5*z = 3*p - 19. Suppose -4*h + 2*u - 6*u = 4, -13 = 3*h + 5*u. What is the remainder when h is divided by p?
1
Let n = 71 - 71. Calculate the remainder when 42 is divided by -7 - -4 - (-1 - n)*26.
19
Suppose 2*d = -3*t - 108, -2*d + t - 57 = 43. Let k(w) = 3*w - 2. What is the remainder when (-1)/(105/d - -2) is divided by k(4)?
7
Let i(q) = q**2 + 20. Let a(f) = 18*f + 2. Suppose -3*l = 10 - 16. What is the remainder when a(l) is divided by i(0)?
18
Suppose i = 4*i. Suppose i = -2*m + 8*m - 36. Let h = 56 - m. What is the remainder when h is divided by 26?
24
Let g be ((-760)/30)/(-2 - (-5)/3). Let r = g + -54. What is the remainder when 104 is divided by r?
16
Suppose 5*z - 189 = -3*p, p - 36 = 4*z + 44. Let q = 454 + -430. What is the remainder when p is divided by q?
20
Suppose 37 = -3*n + 118. Suppose -30 = t - 6*t. What is the remainder when t is divided by 1/2 + n/6?
1
Let j(r) = r**3 - 17*r**2 - 15*r + 23. What is the remainder when j(18) is divided by (-8)/6*(-195)/10?
25
What is the remainder when 99 is divided by -56 - -49 - 2/(4/(-114))?
49
Let s = -957 - -990. What is the remainder when 82 is divided by s?
16
Suppose 0 = -u - 13 + 5. Let v be (-35)/u + 42/(-112). Suppose 3*s = 3*k - 45, 2*s - 55 = k - v*k. Calculate the remainder when k is divided by 11.
6
Let b = 1791 + -1326. What is the remainder when b is divided by 12?
9
Suppose 40 = 3*u + 2*u. Suppose 16 = 4*n + f, -2*n = 2*f + f - u. What is the remainder when 13 is divided by n?
1
Let m(y) = y**2 - 11*y + 7. What is the remainder when 96 is divided by m(14)?
47
Suppose 2*u + 3*j - 46 = 0, -2*u + u + 4*j + 34 = 0. Let t = -1357 + 1372. Calculate the remainder when u is divided by t.
11
Suppose -19*w + 7134 = 22*w. Calculate the remainder when w is divided by 22.
20
Let c = -85 - -85. Suppose c = 3*g - 2*g - 10. Suppose 0 = h - p - 47, -145 = -3*h - 2*p + p. What is the remainder when h is divided by g?
8
Let u = 9 - 34. Let g(i) = -i - 21. What is the remainder when (14/2)/(2/4) is divided by g(u)?
2
Let n be 8/84 + (-122)/(-42). Suppose -5*a - 3*d = -37, -n*d + 4*d = -3*a + 19. Calculate the remainder when 23 is divided by a.
3
Suppose 2*w - 3*x - 457 = -4, 0 = -4*w + 3*x + 915. Calculate the remainder when w is divided by 17.
10
Suppose -u = 2*f - 219, 0 = -u + 3*u + 5*f - 433. What is the remainder when u is divided by 33?
31
Suppose -5*p + 21 = 2*y, -4*y - 4*p + 57 = p. Let r(l) = l**3 - 4*l**2 - 7*l + 4. Let j be (-1 - -4) + -1 - -4. What is the remainder when r(j) is divided by y?
16
Suppose -3*c + 8*c = 3*u - 1011, -4*u = -3*c - 1337. Calculate the remainder when u is divided by 87.
71
Suppose -3*v - 7 = 80. Suppose 2*h + 8 = -z - 18, -28 = z + 3*h. Let w = z - v. What is the remainder when w is divided by 4?
3
Suppose -3*i - 25 = -8*i. Let t(p) be the second derivative of 3*p**5/20 - p**4/6 + p**2 + 2*p. What is the remainder when t(2) is divided by i?
3
Suppose 2*h = -2*o + 62, -o + 2*h = -16 - 0. Let m = o - -11. Calculate the remainder when m is divided by 22.
15
Suppose -3*d = -2*h + 71, -14*h + 17*h = -3*d + 99. Calculate the remainder when 305 is divided by h.
33
Let h = -117 - -289. What is the remainder when h is divided by 44?
40
Let i be 4/(-2) - (-5 - 0). Let k be (48/(-42) - -2)/(2/(-28)). What is the remainder when ((-124)/k)/(i/9) is divided by 11?
9
Let b(h) = 7*h**2 - 4*h + 1. Let u be b(3). Suppose -64 = 2*w - 0*w. Let c = w + u. Calculate the remainder when 38 is divided by c.
18
Suppose v + 4*q = 9, -3*q + 11 + 0 = 5*v. Suppose -3*d = 2*z + z + 60, 5*z + 3*d + 104 = 0. Calculate the remainder when 44 is divided by (-1)/(v/(-1)) - z.
21
Let l(s) = 24*s + 16. Let b be l(5). Suppose -8*m + b = -32. What is the remainder when 40 is divided by m?
19
Suppose 114 = 34*y - 32*y + 2*g, -4*y - 2*g = -220. What is the remainder when 238 is divided by y?
26
Let k(w) = -w**3 + 9*w**2 + 4*w - 4. Calculate the remainder when k(9) is divided by 9.
5
Suppose 11*c - 14*c + 172 = -4*i, 5*i - 163 = -3*c. Calculate the remainder when c is divided by 22.
12
Let v(r) = r**2 - 9*r + 5. Let y be v(9). Suppose -4*i - y = -3*i. Let t = i - -12. Calculate the remainder when t i